divisor of j and 40?
20
Let w be (342/45)/((-2)/(-10)). Suppose -w + 9 = r. Let x = 51 + r. Calculate the greatest common divisor of 88 and x.
22
Suppose -2*u = -7 - 5. Let o(i) = 2*i - 7. Let t be o(u). Suppose t*z - 40 = -3*r, -5 = -z - r + 3. Calculate the highest common factor of z and 56.
8
Let q(v) = v**3 - 5*v**2 - 20*v - 19. Let j be q(9). Calculate the highest common factor of j and 25.
25
Suppose 0 = -0*f - 2*f + 6. Suppose 0 = 4*r - 6 - 2. What is the highest common divisor of f and r?
1
Let x(p) be the first derivative of 17*p**2/2 - 5*p + 8. Let k be x(2). Calculate the highest common factor of 87 and k.
29
Let h be 62/2 - (0 + 1). Let y(q) = -9*q - 1. Let c(b) = -17*b - 2. Let t(k) = 6*c(k) - 11*y(k). Let p be t(-7). What is the greatest common divisor of p and h?
10
Let q(v) = -v**3 + 12*v**2 - 3*v + 22. Let h be q(11). What is the highest common divisor of 44 and h?
22
Suppose 2*i = 4*l + l + 20, -4*i - 2*l = -88. Calculate the greatest common divisor of i and 8.
4
Suppose t - 10 = -l, 0*t + 2*t = -5*l + 35. Suppose t*v = 3*v + 26. What is the greatest common divisor of v and 65?
13
Suppose 12*z - 198 = 114. Let r = -55 + 94. Calculate the greatest common factor of z and r.
13
Let r(v) = v**3 + 9*v**2 - 13*v - 5. Let c be r(-5). Calculate the greatest common factor of c and 32.
32
Let u = -5 - -7. Let b be (1/u)/((-5)/(-30)). Let h be (2 - 1) + (1 - -19). What is the highest common factor of b and h?
3
Suppose p + 2*b - 6 = 0, 4*p - 72 = 2*b + 2*b. Let y = 64 - 29. What is the greatest common divisor of y and p?
7
Let r be (6/4)/(6/8). Let z(f) = f**3 + 5*f**2 + 6. Let x be z(-5). Suppose 3*j - 9 = -x. What is the highest common factor of j and r?
1
Let n be ((-4)/1)/(1/6). Let u be 1 - (-2 - 0) - n. Suppose -5*x = 2*r - 16, 3 + 4 = -r + 5*x. Calculate the greatest common divisor of u and r.
3
Let h be (-576)/(-60) + (-2)/(-5). What is the greatest common divisor of h and 90?
10
Suppose 125 = 5*h - y, h - 4*h - 2*y = -75. Suppose i - x + 5 = -0*x, 5*x = i + h. Let p be 7 - (i - -1)*-1. Calculate the greatest common divisor of p and 20.
4
Let i = 41 - 29. Let y be (-2)/(-9) + (-100)/(-36). Calculate the greatest common factor of y and i.
3
Let g = 3 + -6. Let y be (6/10)/(g/(-15)). Suppose -3*w + 2*j + 27 = 0, -6 = -y*w + 4*j + 21. Calculate the highest common divisor of 63 and w.
9
Let k be (3*-1)/(1/(-36)). Let v be 78/2*3/3. Suppose -3*d - 3 = -v. Calculate the highest common divisor of d and k.
12
Let k be -3*(-1)/9*-51. Let m = k + 45. What is the highest common factor of 4 and m?
4
Let x be 1/2*(10 + -4). Let y be 12*(-3)/(-9)*x. Calculate the highest common factor of 84 and y.
12
Suppose 5*r - 241 = 164. What is the greatest common factor of 54 and r?
27
Suppose 0 = z - 5*r - 18 - 147, -438 = -3*z - 4*r. Suppose -15 = -3*x, 52 = h + 3*x + 7. What is the greatest common factor of h and z?
30
Let c be (-15)/(-10)*(-1172)/(-6). Suppose -5*j = 3*x - c, -x + 3*j + 99 = 5*j. Calculate the greatest common divisor of x and 13.
13
Let b(f) = -f - 1. Let l be b(-3). Suppose 3*k = -l*k + 120. Calculate the highest common divisor of k and 6.
6
Let o(d) = -d**3 - 2*d**2 - 5*d. Let b be o(-5). Suppose -27 - 93 = -2*n. Suppose 0 = -2*s - s + n. What is the greatest common factor of s and b?
20
Suppose 616 = 19*v - 5*v. What is the highest common divisor of v and 44?
44
Let m be (-34)/(-187) + (-262)/(-11). Calculate the highest common factor of m and 3.
3
Suppose -210 = 11*h - 16*h. What is the highest common divisor of 378 and h?
42
Let r(f) = f**3 + 7*f**2 - 7*f + 10. Let y be r(-8). Suppose y*a = -5*m + 31, 5*a + 3*m - 109 = m. What is the highest common factor of a and 46?
23
Suppose 0 = -o - 4. Let b be o/(-2) + -1 + 9. Suppose -h + 2*n + 2*n + 16 = 0, -h + b = 2*n. What is the highest common factor of 12 and h?
12
Let u be (-1 + 3 + -6)*(-22)/1. Suppose 3*g - 32 = -4*h, -4*h = -h + 5*g - 13. Calculate the greatest common factor of u and h.
11
Suppose -3*r - 5*b + 66 = 0, 3*b - 16 = 5*r - 92. What is the highest common factor of 51 and r?
17
Let v(r) = r**3 - 8*r**2 - 2*r + 1. Let x be v(4). Suppose -10 = -5*o, -z - 2*o = -0*z + 22. Let u = z - x. What is the greatest common divisor of 9 and u?
9
Suppose 6 + 2 = -2*t. Let u = -7 - t. Let f be (-6)/u + -1 + 23. What is the greatest common divisor of f and 6?
6
Let h = 5 - 2. Suppose -h*t + 22 = -t. Let v = 21 - t. What is the highest common factor of 10 and v?
10
Let r be 3/12 - (-889)/28. Let d = 12 + -8. Calculate the highest common divisor of d and r.
4
Let m = 6 - 76. Let w be (36/21)/((-4)/m). Let c(o) = 2*o**2 - 4*o - 1. Let a be c(4). Calculate the highest common divisor of w and a.
15
Let d = 27 - 16. Let z(g) = -g**3 + 2*g**2 + 3*g - 3. Let i be z(2). Let l be ((-1)/i)/(2/(-726)). What is the highest common divisor of d and l?
11
Let v = -643 + 943. Suppose -5*k + k = -v. Calculate the greatest common divisor of 25 and k.
25
Suppose 2 = 3*x - x, -g + x + 9 = 0. What is the highest common divisor of 90 and g?
10
Suppose -3*q = -636 + 72. Suppose 39 + q = h. Suppose -f - 3*k = -48, -8*f + 3*f = 2*k - h. What is the highest common factor of f and 5?
5
Suppose 116 = 5*n - f, n - 73 = -2*n + 4*f. Let g = 16 - n. Let l be 564/14 - (-2)/g. What is the greatest common divisor of l and 100?
20
Suppose -4*n + 95 + 1 = 0. What is the highest common divisor of 36 and n?
12
Let r = 1 + 18. Calculate the highest common divisor of r and 152.
19
Let v be (-11)/(-22) + (-138)/(-4). Calculate the greatest common divisor of v and 7.
7
Let g(f) = -2*f + 2. Let k be g(2). Let x be 2/(-2) + (1 - k). Let p be 10 - (x + 2 + -4). Calculate the greatest common divisor of 80 and p.
10
Let h be ((-118)/(-8))/((-7)/(-28)). Suppose 5*n - 31 = h. Let y = -1 - -7. What is the greatest common divisor of n and y?
6
Suppose 3*s - 62 = -2*i, 36 = 4*s - 2*s - 4*i. Calculate the greatest common factor of 8 and s.
4
Let p(v) = 8*v**2 - 10*v + 14. Let r be p(6). Calculate the greatest common divisor of 22 and r.
22
Suppose 4*z - z - 216 = 0. Let q = z - 42. Calculate the greatest common divisor of 270 and q.
30
Suppose 4*b - 2*b - p = 415, 4*p = -4*b + 836. Calculate the greatest common divisor of 26 and b.
26
Let j(d) = 21*d**2. Let y be j(1). Let g = 31 - y. What is the greatest common divisor of 110 and g?
10
Let m be (2 - 2) + (-138)/(-3). Calculate the highest common divisor of m and 69.
23
Suppose 0 = -3*u - u + 12. Suppose -t - 3*l = u*t - 135, -4*t + 2*l = -110. Let v = t + -18. Calculate the highest common divisor of v and 132.
12
Let g = -7 + 7. Suppose -3*i + g*i = 5*n - 378, -2*i + 252 = 3*n. What is the highest common factor of i and 14?
14
Let w = 25 + -1. Suppose 0 = -3*c + 5*c + 2*y - 10, c - 6 = -2*y. Suppose 0 = -s - c*s + 80. What is the highest common factor of s and w?
8
Let n(x) be the third derivative of x**5/30 - 5*x**4/24 - x**3/3 + 6*x**2. Let z be n(-4). Calculate the highest common divisor of 75 and z.
25
Let z(q) = -q**3 + 12*q**2 - 10*q + 4. Let o be z(11). Suppose 3*g = -g + 220. Suppose g - o = 2*b. What is the greatest common factor of b and 100?
20
Suppose -36 = -4*f + 4*o, -2*o + 12 = 2*f - o. Let l = 64 - 43. What is the highest common factor of l and f?
7
Suppose 0 = 5*x + 5*c - 220, -3*x + 2*c = -x - 80. Let t be (-30)/(-2)*(-27)/(-15). Let g = x - t. Calculate the greatest common divisor of 6 and g.
3
Suppose -12 = -3*d + 4*b - 6*b, d + b = 4. What is the highest common factor of d and 8?
4
Let o(p) = 9*p - 2. Let h be o(8). Calculate the highest common factor of 10 and h.
10
Let t be ((-1)/3)/((-2)/114). What is the greatest common divisor of 38 and t?
19
Let d be 3 + (-21)/(-1) + -3. Calculate the highest common factor of 28 and d.
7
Let t(m) = 2*m + 105. Let a be t(0). Let n be (2/(-1) - -1)*-15. What is the greatest common factor of a and n?
15
Let w = 51 + -45. Calculate the greatest common factor of w and 4.
2
Suppose 0*r = 2*h - 4*r - 26, h = -3*r + 33. Let c = 3 + 5. Suppose -3 = -c*b + 4*b + 3*m, -2*b - 3 = -3*m. What is the greatest common factor of h and b?
3
Let m(k) be the second derivative of 7*k**3/6 + k. Let x be m(1). Suppose 21 - x = g. Calculate the greatest common factor of 112 and g.
14
Let y(s) = -4*s - 12. Let f be y(-4). Let x be 2/3*18/f. Calcul